1.
51
What is the highest common factor of 333 and 592?
37
Calculate the highest common factor of 22762 and 38.
38
Calculate the greatest common factor of 616 and 396.
44
What is the highest common factor of 4 and 52?
4
What is the greatest common factor of 196 and 28?
28
What is the greatest common divisor of 249 and 913?
83
What is the greatest common factor of 1080 and 48?
24
Calculate the highest common divisor of 13 and 1313.
13
Calculate the greatest common factor of 36 and 372.
12
Calculate the highest common divisor of 234 and 72.
18
Calculate the greatest common factor of 282 and 6.
6
What is the greatest common divisor of 553 and 158?
79
What is the greatest common divisor of 221 and 85?
17
Calculate the highest common divisor of 26 and 2626.
26
Calculate the greatest common factor of 320 and 10.
10
Calculate the highest common divisor of 1515 and 15.
15
What is the highest common divisor of 45657 and 171?
171
Calculate the highest common factor of 48 and 36108.
12
Calculate the greatest common factor of 44 and 143.
11
Calculate the highest common divisor of 108 and 24.
12
Calculate the highest common factor of 42 and 147.
21
What is the greatest common factor of 41874 and 42?
42
Calculate the highest common divisor of 2603 and 228.
19
What is the highest common factor of 12 and 2076?
12
Calculate the highest common factor of 252 and 42.
42
What is the highest common factor of 15951 and 78?
39
What is the highest common divisor of 208 and 64?
16
Calculate the highest common divisor of 32 and 128.
32
What is the highest common divisor of 35 and 115?
5
Calculate the greatest common factor of 1541 and 2077.
67
Calculate the greatest common divisor of 2358 and 54.
18
What is the greatest common factor of 2813 and 58?
29
Calculate the highest common factor of 37 and 6031.
37
Calculate the greatest common factor of 6436 and 4.
4
What is the highest common divisor of 66 and 37257?
33
What is the highest common divisor of 88 and 32?
8
What is the highest common divisor of 194 and 97?
97
What is the highest common factor of 564 and 132?
12
Calculate the highest common divisor of 23 and 644.
23
Calculate the highest common divisor of 1617 and 462.
231
Calculate the greatest common divisor of 38628 and 36.
36
What is the greatest common divisor of 5620 and 20?
20
Calculate the highest common divisor of 423 and 1128.
141
What is the greatest common divisor of 282 and 18?
6
What is the greatest common factor of 1037 and 61?
61
Calculate the greatest common factor of 705 and 75.
15
Calculate the highest common divisor of 2190 and 150.
30
Calculate the greatest common divisor of 324 and 63990.
162
What is the greatest common divisor of 2290 and 40?
10
What is the greatest common factor of 7480 and 120?
40
What is the highest common divisor of 27 and 1161?
27
What is the greatest common divisor of 96 and 312?
24
What is the highest common factor of 57 and 2128?
19
What is the greatest common factor of 8582 and 98?
14
What is the highest common factor of 45 and 615?
15
Calculate the highest common divisor of 48 and 752.
16
What is the greatest common divisor of 188 and 799?
47
Calculate the greatest common factor of 8246 and 19.
19
Calculate the highest common factor of 2678 and 130.
26
What is the highest common divisor of 1781 and 2329?
137
What is the highest common divisor of 361 and 19?
19
What is the highest common divisor of 31 and 14?
1
Calculate the highest common divisor of 1989 and 143.
13
Calculate the greatest common divisor of 775 and 31.
31
What is the highest common factor of 1675 and 67?
67
What is the highest common divisor of 92 and 3841?
23
Calculate the greatest common factor of 2035 and 165.
55
What is the greatest common factor of 88 and 184?
8
Calculate the highest common factor of 1081 and 23.
23
Calculate the greatest common factor of 2142 and 28.
14
What is the greatest common factor of 341 and 775?
31
What is the greatest common factor of 64 and 4288?
64
What is the highest common factor of 125 and 75?
25
Calculate the greatest common divisor of 399 and 665.
133
Calculate the greatest common divisor of 1467 and 9.
9
What is the greatest common divisor of 7189 and 364?
91
Calculate the greatest common factor of 1469 and 13.
13
What is the highest common divisor of 40 and 130?
10
Calculate the highest common factor of 16 and 568.
8
Calculate the highest common factor of 36 and 1284.
12
What is the greatest common divisor of 7619 and 152?
19
Calculate the highest common factor of 1274 and 104.
26
What is the highest common divisor of 184 and 776?
8
Calculate the highest common factor of 5450 and 50.
50
Calculate the highest common divisor of 9795 and 15.
15
What is the highest common divisor of 68 and 391?
17
What is the highest common divisor of 40 and 680?
40
Calculate the highest common divisor of 194 and 30361.
97
Calculate the greatest common factor of 202 and 3434.
202
What is the highest common divisor of 108 and 276?
12
What is the highest common factor of 140 and 70?
70
Calculate the greatest common divisor of 1479 and 51.
51
What is the highest common factor of 135 and 24345?
45
Calculate the greatest common factor of 18560 and 145.
145
Calculate the highest common divisor of 3760 and 400.
80
Calculate the greatest common factor of 858 and 260.
26
Calculate the greatest common divisor of 946 and 110.
22
What is the greatest common divisor of 98 and 70?
14
Calculate the highest common factor of 1300 and 312.
52
What is the greatest common divisor of 716 and 12?
4
What is the highest common divisor of 170 and 102?
34
What is the highest common factor of 2856 and 102?
102
Calculate the highest common divisor of 405 and 495.
45
Calculate the greatest common factor of 3633 and 63.
21
Calculate the highest common factor of 224 and 77.
7
Calculate the greatest common divisor of 18412 and 4.
4
What is the highest common factor of 560 and 400?
80
Calculate the highest common divisor of 1 and 81.
1
What is the highest common divisor of 252 and 72?
36
What is the highest common factor of 221 and 4811?
17
What is the highest common divisor of 27 and 1?
1
Calculate the highest common factor of 27 and 297.
27
Calculate the greatest common divisor of 18 and 21042.
18
Calculate the highest common divisor of 12 and 57.
3
Calculate the greatest common divisor of 3 and 201.
3
What is the highest common divisor of 86 and 8?
2
Calculate the greatest common divisor of 180 and 198.
18
What is the highest common divisor of 23 and 5?
1
Calculate the greatest common divisor of 126 and 7128.
18
Calculate the greatest common factor of 209 and 152.
19
Calculate the highest common factor of 1849 and 43.
43
What is the greatest common divisor of 26 and 702?
26
Calculate the greatest common divisor of 37 and 185.
37
What is the highest common divisor of 323 and 204?
17
What is the greatest common divisor of 26 and 8749?
13
Calculate the highest common factor of 25 and 275.
25
What is the greatest common factor of 20 and 1940?
20
What is the greatest common factor of 33 and 264?
33
Calculate the highest common divisor of 28 and 44.
4
What is the highest common divisor of 612 and 51?
51
What is the highest common divisor of 260 and 7878?
26
What is the greatest common factor of 2860 and 104?
52
Calculate the greatest common divisor of 224 and 483.
7
What is the highest common divisor of 72000 and 225?
225
What is the highest common divisor of 19 and 17803?
19
Calculate the greatest common factor of 30 and 54.
6
What is the greatest common divisor of 7 and 1722?
7
Calculate the greatest common factor of 10 and 370.
10
What is the highest common divisor of 476 and 27846?
238
What is the greatest common factor of 25 and 75?
25
Calculate the highest common factor of 8700 and 522.
174
What is the highest common divisor of 656 and 82?
82
What is the highest common factor of 164 and 8?
4
Calculate the highest common divisor of 12 and 450.
6
What is the greatest common divisor of 1848 and 252?
84
What is the highest common factor of 1932 and 2139?
69
What is the highest common divisor of 448 and 256?
64
What is the greatest common divisor of 3 and 23847?
3
Calculate the greatest common factor of 165 and 33.
33
Calculate the highest common divisor of 3 